{"id":983,"date":"2022-08-11T04:42:23","date_gmt":"2022-08-11T04:42:23","guid":{"rendered":"https:\/\/milseminovos.com.br\/?post_type=product&#038;p=983"},"modified":"2022-08-11T04:42:24","modified_gmt":"2022-08-11T04:42:24","slug":"bmw-320i-m-sport-2018","status":"publish","type":"product","link":"http:\/\/milseminovos.com.br\/?product=bmw-320i-m-sport-2018","title":{"rendered":"BMW 320i M Sport | 2018"},"content":{"rendered":"<p>BMW 320i M Sport | 2018<\/p>\n<p>\u2583\u2583\u2583\u2583\u2583\u2583\u2583\u2583\u2583\u2583\u2583\u2583\u2583\u2583\u2583\u2583\u2583\u2583\u2583\u2583<\/p>\n<p>Laudo aprovado sem retoques<br \/>\n4 pneus Runflat<br \/>\nTodas as revis\u00f5es na BMW<br \/>\nManual e chave reserva<\/p>\n<p>\u2583\u2583\u2583\u2583\u2583\u2583\u2583\u2583\u2583\u2583\u2583\u2583\u2583\u2583\u2583\u2583\u2583\u2583\u2583\u2583<\/p>\n<p>Ano: 2018 | 50.500km<\/p>\n<p>\u2583\u2583\u2583\u2583\u2583\u2583\u2583\u2583\u2583\u2583\u2583\u2583\u2583\u2583\u2583\u2583\u2583\u2583\u2583\u2583<\/p>\n<p>Teto solar el\u00e9trico<br \/>\nC\u00e2mbio Autom\u00e1tico ZF 8hp<br \/>\nPaddle shift<br \/>\nMotor 2.0 Turbo<br \/>\nAirbags frontais\/laterais\/cortina<br \/>\nFar\u00f3is BMW com adaptive LED<br \/>\nApple CarPlay e AndroidAuto<br \/>\nBancos em couro el\u00e9tricos<br \/>\nIDrive 8,8\u201d com GPS<br \/>\nStart-Stop \/ Chave presencial<br \/>\nAssistente de partida<br \/>\nIndicador de fadiga<br \/>\nAr condicionado digital DualZone<br \/>\nDire\u00e7\u00e3o assistida<br \/>\nFar\u00f3is com acendimento autom\u00e1tico<br \/>\nLimpador p\u00e1ra-brisa autom\u00e1tico<\/p>\n<p>\u2583\u2583\u2583\u2583\u2583\u2583\u2583\u2583\u2583\u2583\u2583\u2583\u2583\u2583\u2583\u2583\u2583\u2583\u2583\u2583<\/p>\n<p>Pre\u00e7o: R$172.900,00<\/p>\n","protected":false},"excerpt":{"rendered":"<p>BMW 320i M Sport | 2018 \u2583\u2583\u2583\u2583\u2583\u2583\u2583\u2583\u2583\u2583\u2583\u2583\u2583\u2583\u2583\u2583\u2583\u2583\u2583\u2583 Laudo aprovado sem retoques 4 pneus Runflat Todas as revis\u00f5es na BMW Manual e chave reserva \u2583\u2583\u2583\u2583\u2583\u2583\u2583\u2583\u2583\u2583\u2583\u2583\u2583\u2583\u2583\u2583\u2583\u2583\u2583\u2583 Ano: 2018 | 50.500km \u2583\u2583\u2583\u2583\u2583\u2583\u2583\u2583\u2583\u2583\u2583\u2583\u2583\u2583\u2583\u2583\u2583\u2583\u2583\u2583 Teto solar el\u00e9trico C\u00e2mbio Autom\u00e1tico ZF 8hp Paddle shift Motor 2.0 Turbo Airbags frontais\/laterais\/cortina Far\u00f3is BMW com adaptive LED Apple CarPlay e AndroidAuto Bancos em couro [&hellip;]<\/p>\n","protected":false},"featured_media":985,"comment_status":"open","ping_status":"closed","template":"","meta":[],"product_cat":[22],"product_tag":[],"_links":{"self":[{"href":"http:\/\/milseminovos.com.br\/index.php?rest_route=\/wp\/v2\/product\/983"}],"collection":[{"href":"http:\/\/milseminovos.com.br\/index.php?rest_route=\/wp\/v2\/product"}],"about":[{"href":"http:\/\/milseminovos.com.br\/index.php?rest_route=\/wp\/v2\/types\/product"}],"replies":[{"embeddable":true,"href":"http:\/\/milseminovos.com.br\/index.php?rest_route=%2Fwp%2Fv2%2Fcomments&post=983"}],"wp:featuredmedia":[{"embeddable":true,"href":"http:\/\/milseminovos.com.br\/index.php?rest_route=\/wp\/v2\/media\/985"}],"wp:attachment":[{"href":"http:\/\/milseminovos.com.br\/index.php?rest_route=%2Fwp%2Fv2%2Fmedia&parent=983"}],"wp:term":[{"taxonomy":"product_cat","embeddable":true,"href":"http:\/\/milseminovos.com.br\/index.php?rest_route=%2Fwp%2Fv2%2Fproduct_cat&post=983"},{"taxonomy":"product_tag","embeddable":true,"href":"http:\/\/milseminovos.com.br\/index.php?rest_route=%2Fwp%2Fv2%2Fproduct_tag&post=983"}],"curies":[{"name":"wp","href":"https:\/\/api.w.org\/{rel}","templated":true}]}}

<p>BMW 320i M Sport | 2018</p>
<p>▃▃▃▃▃▃▃▃▃▃▃▃▃▃▃▃▃▃▃▃</p>
<p>Laudo aprovado sem retoques<br />
4 pneus Runflat<br />
Todas as revisões na BMW<br />
Manual e chave reserva</p>
<p>▃▃▃▃▃▃▃▃▃▃▃▃▃▃▃▃▃▃▃▃</p>
<p>Ano: 2018 | 50.500km</p>
<p>▃▃▃▃▃▃▃▃▃▃▃▃▃▃▃▃▃▃▃▃</p>
<p>Teto solar elétrico<br />
Câmbio Automático ZF 8hp<br />
Paddle shift<br />
Motor 2.0 Turbo<br />
Airbags frontais/laterais/cortina<br />
Faróis BMW com adaptive LED<br />
Apple CarPlay e AndroidAuto<br />
Bancos em couro elétricos<br />
IDrive 8,8” com GPS<br />
Start-Stop / Chave presencial<br />
Assistente de partida<br />
Indicador de fadiga<br />
Ar condicionado digital DualZone<br />
Direção assistida<br />
Faróis com acendimento automático<br />
Limpador pára-brisa automático</p>
<p>▃▃▃▃▃▃▃▃▃▃▃▃▃▃▃▃▃▃▃▃</p>
<p>Preço: R$172.900,00</p>

<p>BMW 320i M Sport | 2018 ▃▃▃▃▃▃▃▃▃▃▃▃▃▃▃▃▃▃▃▃ Laudo aprovado sem retoques 4 pneus Runflat Todas as revisões na BMW Manual e chave reserva ▃▃▃▃▃▃▃▃▃▃▃▃▃▃▃▃▃▃▃▃ Ano: 2018 | 50.500km ▃▃▃▃▃▃▃▃▃▃▃▃▃▃▃▃▃▃▃▃ Teto solar elétrico Câmbio Automático ZF 8hp Paddle shift Motor 2.0 Turbo Airbags frontais/laterais/cortina Faróis BMW com adaptive LED Apple CarPlay e AndroidAuto Bancos em couro [&hellip;]</p>
